n and 5?
5
Let q be (-4)/2*3/2. Let k = 1 - q. Suppose 4*i = 4*c - k + 56, 0 = -2*c + 10. What is the highest common divisor of 144 and i?
18
Suppose 86*w - 74*w = 2340. What is the highest common factor of 26 and w?
13
Let m be 3/(-9)*(-49 - -7). Suppose 3*d - 3*j - 33 = 0, -d - j = 2*j - 23. Calculate the greatest common divisor of m and d.
14
Suppose 5*r + 145 = 2*b - 214, 0 = 4*b + 3*r - 731. Suppose 5*c + 5*w = 85, 0 = -c + w - 0*w + 11. What is the highest common factor of b and c?
14
Let n be 77/(-7) + 7 + 17. Calculate the highest common factor of n and 481.
13
Let d be (-32)/(-8) - (-298 + 3). What is the greatest common factor of 13 and d?
13
Let y = -450 + 936. Calculate the greatest common divisor of 18 and y.
18
Let i = -1886 + 2341. Calculate the greatest common divisor of 350 and i.
35
Let q be -41 + 4 - (-1)/3*0. Let r = -9 - q. What is the highest common divisor of 4 and r?
4
Let g(q) = q**3 - q**2 + 2*q + 46. Let r be g(0). What is the greatest common factor of 23 and r?
23
Let t be (2 + 0)/(10/(-35)). Let y(q) = -3*q - 7. Let u be y(t). Calculate the greatest common divisor of 2 and u.
2
Let x be (3/6 - 1)*-2. Suppose 0 = 5*q + n + 12, 5*q + 3*n + 9 = n. Let c be (-4)/(-12) - ((-1)/q - 1). Calculate the highest common factor of c and x.
1
Let f(j) = 9*j - 6. Let m(k) = -4*k + 3. Let v(y) = -6*f(y) - 14*m(y). Let h be v(23). Calculate the highest common factor of h and 100.
20
Suppose 31*n = -23*n + 39744. Calculate the highest common factor of 16 and n.
16
Let n = 49 + 147. Calculate the highest common factor of n and 7.
7
Let m be 34/10 + -3 + 276/(-15). Let q = 36 + m. Calculate the highest common divisor of q and 45.
9
Suppose -49 = -3*j - 1. Calculate the highest common factor of 188 and j.
4
Let q(s) = -6*s**2 - 2*s - 2. Let h be q(-3). Let w be ((-160)/h)/(1/20). What is the highest common divisor of w and 16?
16
Suppose 7*z = z + 42. Calculate the greatest common factor of 259 and z.
7
Let s(c) = c**2 - c - 1. Let x be s(3). Suppose 175 = 91*d - 86*d. What is the highest common factor of d and x?
5
Suppose 8 = -i + 3*i, -u + 141 = -5*i. Suppose 0 = 6*a + a + 42. Let h = a + 29. What is the highest common divisor of h and u?
23
Let p = 96 + -144. Let u = p - -52. Let o(r) = -r**2 + 7*r + 6. Let m be o(7). What is the greatest common factor of m and u?
2
Suppose y - 7 = 4. Suppose 5*l = -y + 86. Let w = 25 - l. Calculate the highest common divisor of w and 50.
10
Suppose -7*n = -3*n + 2*a - 112, 56 = 2*n - a. Let o be 0/3 + (n - -2). What is the greatest common divisor of 45 and o?
15
Suppose 5*i + 0*i = -3*d + 62, -2*d = 5*i - 48. Suppose -111*t + 113*t = 140. Calculate the highest common divisor of t and d.
14
Let u = -92 - 16. Let s be (u/(-15))/(9/30). Let y(n) = n**2 + 2*n + 3. Let k be y(0). What is the highest common divisor of k and s?
3
Let p = -12 - -26. Let l be (-9)/(p/96 + (-7)/21). Calculate the highest common factor of l and 12.
12
Let a(u) = 306*u**2. Let w be a(-2). Suppose -t + 5*t = w. What is the highest common factor of t and 34?
34
Suppose 0 = -4*j + 5*b + 1708, b + 1708 = 12*j - 8*j. What is the highest common divisor of 14 and j?
7
Suppose -5*i = -10, -2*i - 74 = -4*g - i. Suppose -4*k + g = -25. Calculate the highest common divisor of k and 55.
11
Let y(t) = 4*t**2 + 6*t - 2. Let h be (-3)/(-1) + (2 - 8). Let r be y(h). Calculate the greatest common divisor of 176 and r.
16
Let x be (-567)/(-14)*(-14)/(-3). Calculate the highest common factor of x and 7.
7
Let l = 2339 + -2163. Calculate the highest common divisor of l and 374.
22
Let l(u) = -u**2 - 21*u - 12. Let j be l(-20). Let q be j/((-96)/18)*(-26)/3. Calculate the greatest common factor of 65 and q.
13
Let m(z) = -z**3 + 16*z - 3. Let o be m(-5). Calculate the greatest common divisor of o and 3.
3
Suppose -3*r = -v + 140, 10*v + r + 142 = 11*v. What is the greatest common divisor of 99 and v?
11
Suppose 0 = 4*i + 26 - 2. Let z be i/(-21) - (-48)/28. Suppose -2*m + 35 = m - s, z*s = 2*m - 30. Calculate the greatest common divisor of 2 and m.
2
Suppose -110*j - 13104 = -182*j. What is the greatest common divisor of 26 and j?
26
Let b = 394 - -75. Calculate the greatest common divisor of 67 and b.
67
Let f = -182 - -325. Calculate the greatest common factor of 26 and f.
13
Let t(n) = 55*n**3 + n**2 - n. Let q be t(1). Let g = 354 - 134. Calculate the greatest common divisor of q and g.
55
Suppose -5*j + 9 + 11 = 0. Let g(y) = -16*y - 5. Let z be g(j). Let r = 117 + z. Calculate the highest common factor of r and 6.
6
Let b be (-3)/1 - 2 - -80. Let l = -15 - -30. What is the highest common factor of l and b?
15
Let z = 7 - -8. Let m = -427 - -433. What is the greatest common divisor of z and m?
3
Let y(o) = o**3 + 11*o**2 - 12*o + 9. Let i be y(-12). Suppose -90 + 9 = -l. What is the greatest common divisor of i and l?
9
Suppose 8*d + 418 = 10*d + 3*s, -3*s = d - 209. What is the greatest common divisor of 22 and d?
11
Let y(n) = -6*n + 2. Let h be y(2). Let x(p) = p**2 + 8*p - 13. Let d be x(h). Calculate the highest common factor of d and 77.
7
Suppose 380 + 0 = 10*m. Calculate the greatest common factor of 2 and m.
2
Let z be (-460)/138*(-78)/4. What is the greatest common factor of z and 52?
13
Let t be 23*(-6 - (-11 - -4)). Calculate the highest common divisor of t and 69.
23
Let r be 18 + -1 + (-9 - -4). Let y(t) = t**2 - 7*t + 27. Let u be y(r). Calculate the greatest common divisor of 29 and u.
29
Suppose 4*l + 3*i - 366 = 0, 7*l - 5*l = 3*i + 174. Calculate the greatest common divisor of l and 150.
30
Suppose 5*n = -2*x + 100, -63 = -4*n - 4*x + 29. Let q be ((-18)/(-27))/((-2)/93). Let s = -13 - q. What is the highest common divisor of n and s?
18
Suppose -8216 = -4*z - o + 4133, -6178 = -2*z - 4*o. Calculate the highest common divisor of 9 and z.
9
Let p(k) = -6*k + 134. Let v be p(3). Calculate the greatest common divisor of v and 261.
29
Suppose 3*j - 12 = 0, -4*o + 0*o + 84 = -3*j. Suppose -2*b - o = -3*b. Calculate the greatest common factor of 3 and b.
3
Suppose -4*k + 5*t = -1831, -5*k - 2*t + 2290 = -7*t. What is the highest common factor of 51 and k?
51
Let v be -2 - (-4)/(4/(-3)). Let y(b) = 2 - 1 - b + 2. Let g be y(v). Calculate the greatest common divisor of 2 and g.
2
Let n(c) be the third derivative of c**6/12 + c**5/60 - c**4/24 - 13*c**2. Let q be n(1). Calculate the highest common divisor of q and 10.
10
Let c = 1972 - 1916. What is the highest common divisor of 2072 and c?
56
Let a = 11 - 7. Suppose 0 = w + a*m + 13, 4*w + 0*m = -m + 23. Calculate the highest common factor of w and 70.
7
Suppose 17 - 321 = 4*f. Let n = -36 - f. What is the highest common divisor of n and 5?
5
Let s(w) = 4 + 340*w + 8*w**2 - 340*w. Let d be s(-2). Let h = d - 19. Calculate the highest common factor of h and 102.
17
Suppose 4*s = -5*f + 2*f - 2, 2*s - 8 = 3*f. Let a be (((-27)/f)/9)/(2/108). What is the greatest common divisor of a and 9?
9
Suppose -3*x = -x + 6. Suppose 8 = -2*a - 0*a + 4*y, -2*y + 28 = -5*a. Let n be (-1)/(a - -2 - x). What is the greatest common divisor of n and 7?
1
Let d(a) = -a - 6. Let b be d(-13). Let s = -33 + 35. Suppose s*x + 6 = 0, 5*w - 147 = 4*x + 250. What is the greatest common divisor of w and b?
7
Let r(i) = i**3 + i**2 - 18*i + 12. Let c be r(5). Let h be -3*(4/(-6) + -2). Calculate the greatest common divisor of h and c.
8
Let i be (3 + -4)/(-1) + (-141)/3. Let m = i + 78. What is the greatest common divisor of 96 and m?
32
Let j = -1 + 3. Let i(v) = -j*v - 6*v + 7 + 4*v + 3*v. Let z be i(-5). Calculate the greatest common factor of 6 and z.
6
Let d = 14 + -1. Suppose -5*h + d = -82. Let n = 99 - h. Calculate the highest common divisor of 16 and n.
16
Let n be (-3 + -3)/3 - -6. Let w(r) = -r**3 + 7*r**2 - 4*r - 6. Let o be w(n). Let q = 79 - 1. What is the highest common factor of o and q?
26
Suppose 70 = 2*i - 2. Suppose 0 = 7*x - 15 - 13. What is the highest common factor of i and x?
4
Let v be (-4)/(1/(-1)*1/2). Calculate the highest common factor of v and 112.
8
Let l(y) = 1 - 331*y + 332*y + 15. Let d be l(-3). What is the greatest common divisor of 91 and d?
13
Let u(k) = k**2 + 7*k. Let s be u(-5). Let x = 15 + s. Let q be (4 - 8)*17/(-2) - -1. Calculate the highest common divisor of 